t c(w) = 12*w**3 - 357*w**2 - 9*w - 110. What are the prime factors of c(31)?
2, 7013
Let q(j) be the first derivative of -170*j**2 + 46*j - 50. List the prime factors of q(-3).
2, 13, 41
Suppose b - 4 = 4*o, 2*o - o = -5*b - 1. Suppose b = -22*i + 5*i + 8194. What are the prime factors of i?
2, 241
Let b(a) = -12*a + 126. Let k be b(5). Let f = k - -678. What are the prime factors of f?
2, 3, 31
Let h = 36120 - 9759. What are the prime factors of h?
3, 29, 101
Suppose 3*a = 7*a + 4776. Let q = -494 - a. List the prime factors of q.
2, 5, 7
Let y(o) = 2*o**3 - 7*o**2 - 6*o + 8. Let s be y(7). Suppose -4*p = l - 67, -4*l - 4*p = 77 - s. List the prime factors of l.
5, 11
Let v(o) = 2*o + 204. Let a be v(-29). Suppose -22*s + 21*s = -a. List the prime factors of s.
2, 73
Suppose 859 = 10*x - 1041. Suppose -x = -u - 11. Let a = 331 - u. List the prime factors of a.
2, 19
Let p(b) = 7*b**3 + 13*b**2 + 17*b - 1. List the prime factors of p(7).
2, 3, 263
Suppose -76*p - 9386496 = -300*p. List the prime factors of p.
2, 3, 97
Let t be 328/(-12) + 4/(-6). Let g = t - -33. Suppose -684 = -9*y + g*y. What are the prime factors of y?
3, 19
Suppose 0 = 4*j + 3*b - 107264, -33 + 9 = -3*b. What are the prime factors of j?
2, 5, 7, 383
Let x = -18 - -18. Let r(o) = o**3 - 17 - 3*o + 7*o**2 + x*o + 5*o**2 + 0*o**2. List the prime factors of r(-12).
19
Suppose -3*y = -13*y + 3070. Suppose 9*z = 10*z - y. List the prime factors of z.
307
Suppose 14*q - 19*q + 140 = 0. Let b be ((-216)/q)/(2/14). Let g = -18 - b. What are the prime factors of g?
2, 3
Suppose -4*y = -y + 6. Let v(f) be the third derivative of -f**6/30 - f**4/12 + f**3/6 - 2*f**2 + 9*f. List the prime factors of v(y).
37
List the prime factors of (40/(-6))/5 + (-429834)/(-9).
2, 23879
Let i(n) = 308*n**2 - 7*n - 17. Let t = 516 - 518. List the prime factors of i(t).
1229
Let q = -63759 + 115558. What are the prime factors of q?
11, 17, 277
Let g(k) = -3*k + 3*k**3 + 3*k**2 - 3*k**2 - 2*k**3. Let p be g(2). Suppose -p*m - 59 = -3*h - 0*m, 0 = 2*h + 4*m - 34. List the prime factors of h.
19
Let g be ((-155)/15 + 2)/((-3)/18). Suppose -a + 2*a = g. List the prime factors of a.
2, 5
Let g(s) = 2*s + 23. Suppose -1 = k + 4*n - 22, -n - 50 = -4*k. Let t be g(k). Suppose h = -3*u + 44, -2*h + t = -h + 2*u. List the prime factors of h.
59
Suppose 2*p - 5*l = 1124, 5*p + 2*l - 1244 - 1479 = 0. List the prime factors of p.
547
Let a(x) = -58*x + 989. What are the prime factors of a(-8)?
1453
Suppose -6*n + 3*n = -12. Suppose 0*f + d - 1338 = -n*f, -8 = 4*d. What are the prime factors of f?
5, 67
Let n be ((-32)/(-20))/(6/(-15)). Let q be (-2)/(n/76*2). Suppose -4*b + q = -129. What are the prime factors of b?
37
Let z(a) = 307*a**3 + 18*a**2 - 32*a - 218. List the prime factors of z(6).
2, 5, 11
Let b(v) = -v**3 - v + 14. Let n be b(-6). Suppose -d + 4*d - 2*z + n = 0, 3*z = 2*d + 154. Let l = d - -90. What are the prime factors of l?
2, 5
Let j = -22861 + 36098. What are the prime factors of j?
7, 31, 61
List the prime factors of (-4635)/(-171) + -27 + (-3)/(114/(-305212)).
2, 251
Let w be 15/(-20) - ((-45)/12 - 2). Suppose 3707 = w*q - 4423. List the prime factors of q.
2, 3, 271
Let r(p) be the third derivative of -p**6/120 + p**5/60 - p**4/6 - p**3/6 - 40*p**2. What are the prime factors of r(-3)?
47
Let t = 127 - 100. Let q = t + -27. Suppose 6*g = -q*g + 510. What are the prime factors of g?
5, 17
Let j(w) = 3*w**3 - 3*w**2 + 3. Let z(i) = -i**2 - 2*i + 6. Let c be z(-3). What are the prime factors of j(c)?
3, 19
Let k(f) = 17*f**3 - 4*f**2 - 4*f - 2. Let n be k(-2). Let g = -31 - n. List the prime factors of g.
5, 23
Let v(i) = 4*i**2 - 1. Let f be v(-1). Let p(u) = 9*u + 10*u + 11*u - 45 + 10*u. List the prime factors of p(f).
3, 5
Let t(h) = 20*h**3 - 25*h**2 + 133*h + 2. List the prime factors of t(5).
2, 31, 41
Let t = 1544 + -911. Suppose -4*o = -2*o + b - t, -2*o - 2*b = -632. List the prime factors of o.
317
Suppose -36157 = -3*c - 4*o, 5*c = -3*o + 32183 + 28053. List the prime factors of c.
12043
Suppose -146*y = 2*y - 25*y - 596181. List the prime factors of y.
37, 131
Let s(o) = 5919*o - 65. Let j be s(-2). What are the prime factors of j/(-7) - (-18)/(-42)?
2, 5, 17
Suppose s - 3*s = 2*t, -4*s + 5*t + 45 = 0. Suppose -61 = k - 2*w, 5*k + 73 = 4*k + s*w. Let z = k - -107. What are the prime factors of z?
2, 3
Let w(i) be the second derivative of i**5/10 - 2*i**4/3 + 2*i**3/3 - 3*i**2 - 28*i. Let t be w(8). Suppose -t = -3*v + 116. List the prime factors of v.
2, 109
Let z be 4 - 8 - (-1 - (-11 - -2)). Let p(i) = -i**3 - 9*i**2 + 18*i + 11. What are the prime factors of p(z)?
227
Let l(o) = -7*o**2 - 6*o + 13. Let b be l(2). List the prime factors of b/(-18) + (-14567)/(-14).
2, 521
Let k be (10 + 0)/(2*1). Suppose k*a - 2*a = 2*a. Suppose 2*x + 4*o - 122 = a, -3*x + 159 + 32 = 4*o. List the prime factors of x.
3, 23
Let x be -30 - (-8 + 0 + 5). Let u(z) = -z**3 - 27*z**2 - 39*z - 43. List the prime factors of u(x).
2, 5, 101
Let z = -15284 - -37411. List the prime factors of z.
7, 29, 109
Let b = -192 - -186. What are the prime factors of ((-2)/b)/((-3)/(-387))?
43
Suppose -11*x - 159649 = -16*x + 3*y, -5*y + 159665 = 5*x. What are the prime factors of x?
37, 863
Let m(p) = -p**2 - 16*p - 50. Let o be m(-11). Suppose -k + 3*g = -677, 4*k - g = -o*g + 2692. List the prime factors of k.
2, 337
Let p = -30 - -50. Suppose u + 3 = 5*m + 8, 0 = -5*m + 4*u - p. Suppose m*y = 5*y - 240. List the prime factors of y.
2, 3
Let g(b) = 3*b - 33. Let t(o) = 2*o**2 - 13*o - 13. Let i be t(8). Let l be g(i). What are the prime factors of (-24)/(-16) + 13/2 + l?
2
Let x = 5071 + 17886. List the prime factors of x.
11, 2087
Let x be (-56)/(-9) + 14/(-63). Let k = -3 + x. Suppose -2*q = -4*a - 4*q + 60, k*a - 45 = 5*q. List the prime factors of a.
3, 5
Let q = 5847 - 3763. Let h = q + -1162. List the prime factors of h.
2, 461
Let f(y) = -16 - 2*y**2 - 31*y + 14 + 32. What are the prime factors of f(-10)?
2, 5, 7
Let n = -30 + 35. Suppose -2*l + 6*l + 3*r = -44, 2*l - n*r = 4. List the prime factors of (-636)/l*(-2)/(-6)*4.
2, 53
Let p = 88082 - 60452. What are the prime factors of p?
2, 3, 5, 307
Suppose 0 = 3*l + 5*s - 3485, -10*s = -2*l - 5*s + 2315. List the prime factors of -2 - 0 - l/(-8)*10.
2, 181
Suppose 0 = x + 1 - 3. Let p be 3/x*(-16)/(-6). What are the prime factors of (-1)/(10/15) + 314/p?
7, 11
Suppose -4*y + 54 = -10*y. Let f(c) = -179*c - 347. What are the prime factors of f(y)?
2, 79
Let h(l) = -l**2 - l. Let k be h(-2). Suppose -3*o = -12*o + 72. What are the prime factors of (7 - o)/(k/150)?
3, 5
Suppose -17*a + 56 = -13*a. Suppose 4*w + 3*v = -28, -4*v - a = 5*w + 20. List the prime factors of 208/5 + 6/w.
41
Let t = 47689 + -31329. List the prime factors of t.
2, 5, 409
Suppose 5*g - 3*m = 104, -2*g - m = 3*g - 112. Let l be 3/(6/22)*286/g. What are the prime factors of 3/(3/1)*-3 + l?
2, 5, 7
Let h(l) = -l**3 + 13*l**2 + 18*l + 9. Suppose -5*o + 55 = -0. Let m be h(o). Suppose 7*u + m = 2101. List the prime factors of u.
2, 59
Let l = -44 + 48. Let n(d) = -5*d + 13. Let x(y) = -4*y + 13. Let g(u) = l*x(u) - 3*n(u). List the prime factors of g(-19).
2
Suppose 0 = -8098*a + 8102*a - 13056. List the prime factors of a.
2, 3, 17
Let m(v) = 59 + 67*v - 60 + 51 + 60. List the prime factors of m(7).
3, 193
Suppose 5*v + 258246 = -18*v + 782807. What are the prime factors of v?
22807
Let m = -5604 + 27700. List the prime factors of m.
2, 1381
Suppose 3*o - 16 = 29. Suppose 10*r + 145 = o*r. Suppose -3*h = -73 - r. What are the prime factors of h?
2, 17
Let i(t) = 6*t**2 + 4*t - 4. Let m be i(-5). Suppose 0 = -10*v + v - 612. Let z = m + v. List the prime factors of z.
2, 29
Let i = 248 - 359. Let c = 155 + i. Suppose -y - 3*y - 4*r = -c, 4*r - 23 = -y. List the prime factors of y.
7
Let l(i) be the second derivative of 3*i**3/2 + 11*i**2/2 + 6*i. Let m(x) = -4*x - 5. Let y(f) = 6*l(f) + 13*m(f). What are the prime factors of y(5)?
11
Let f be 1298/9 - (-8)/(-36). Let m = 504 - f. List the prime factors of ((-20)/6)/((-6)/m).
2, 5
Let q be (-2)/(12/(-18)) + 0. Suppose 4*j + 0*a - 526 = q*a, -3*j = -a - 392. List the prime factors of j.
2, 5, 13
Suppose 12 = -2*g + 16. Let b(l) = 17*l**2 + 